Let t(i) = -7*k(i) + 6*n(i). What is the units digit of t(v)?
3
Let l(d) = 23*d**3 - 9*d**2 - 11*d - 7. Let k(h) = 11*h**3 - 4*h**2 - 5*h - 3. Let u(z) = 9*k(z) - 4*l(z). Let x = 1 + 0. What is the units digit of u(x)?
7
Suppose -3*n - 72 = 18. Let r be ((-4)/6)/(4/n). Suppose -r*q + 35 = 3*f, 4*f = -0*f. What is the units digit of q?
7
Suppose -5*r - 10 = 0, -4*g + r = -g - 14. Suppose 0 = 3*s - 34 + g. What is the tens digit of s?
1
Suppose -3*y - 3*q = 1 - 4, -2*y = 5*q + 1. Suppose -5*l - 37 = -y*d, d - 59 = -3*d + 5*l. What is the units digit of d?
1
Let j(m) = -m**2 - 2*m - 4. Suppose q = 4*q + 3*i + 3, -2*i = 4*q + 10. Let d be j(q). What is the units digit of 1/4 - 105/d?
9
Suppose 2*x + x - 27 = 0. What is the units digit of x?
9
Let i(y) = 4*y + 4. Let w be i(3). Suppose -p - 7*m + 17 = -2*m, 4*m - w = -p. What is the units digit of p?
2
Let a(t) = -t + 14. What is the units digit of a(4)?
0
Let s(k) = k**3 - 10*k**2 + k - 4. Let l be s(10). Suppose 0 = -l*h + 3*h + 15. Suppose -4*g = -5*f - 19, h*f = -0*g + 5*g - 30. What is the tens digit of g?
1
Suppose 0 = 5*d - 2*d + 36. What is the units digit of (-284)/d + 4/(-6)?
3
What is the tens digit of 0/(-1) - 5*-12?
6
Suppose -j - 2 = 0, 3 = 4*g + 3*j - 3. Suppose -g*x = 2*x - 45. What is the units digit of x?
9
Let c be 5/((-30)/(-4))*3. Let d be (-145)/7 + c/(-7). Let a = d + 34. What is the units digit of a?
3
What is the units digit of (-48)/15*20/(-2)?
2
Let u(g) = -2*g - 1 + 2 + g + 0*g. What is the units digit of u(-8)?
9
Let x(b) = b**2 - 5. Let s be x(-5). Let d = s - 29. Let v = -1 - d. What is the units digit of v?
8
Let d be (-6)/15*-4*5. Suppose -3*z + 24 = g, -4 - d = -4*z. What is the tens digit of g?
1
Suppose -5*o = 3*p - p, -p = -o. Suppose o*x - 5*x = -60. What is the units digit of x?
2
Let v(p) = p - 14. Let q be v(0). Let z = 29 + q. What is the tens digit of z?
1
Let w(s) = 22*s**3 - 2*s + 1. Let u be (-2 - 0)/(6/(-15)). Suppose -4 = a - u. What is the tens digit of w(a)?
2
Suppose -2*y + 3*m + 1 - 5 = 0, -5*y + 1 = -2*m. What is the units digit of y?
1
Let h(r) be the third derivative of -r**7/5040 + 7*r**6/720 - r**5/60 - 2*r**2. Let c(y) be the third derivative of h(y). What is the units digit of c(5)?
2
Let j(t) = -13*t + 1. Let q be j(-2). Let d = -16 + q. What is the tens digit of d?
1
Let t = -70 - -117. Suppose -5*l + 2 = t. Let z(g) = -2*g - 13. What is the units digit of z(l)?
5
Suppose -3*o = -o. Suppose o = 3*s + 4 + 8, 2*i + 3*s + 14 = 0. What is the units digit of -6*((-4)/(-6))/i?
4
Suppose o + 2*o + 3*y - 243 = 0, -2*o + 2*y + 146 = 0. What is the units digit of o?
7
Suppose 5*f = -3*y - y + 324, 64 = y - 3*f. What is the units digit of y?
6
Suppose -2*q = 5*m - 60 + 9, -35 = -3*m + q. Suppose -x + 22 = x - 5*b, x + b = m. What is the tens digit of x?
1
Let n(o) = -o**3 - 5*o**2 + 8*o + 4. Let x be n(-5). Let w = -12 - x. Suppose 0 = 3*f + f - w. What is the units digit of f?
6
Suppose -3*d + 0 = -9. Let p = -2 + d. What is the units digit of (25/15)/(p/3)?
5
Let w = -2 + 5. Let z = w + -1. What is the units digit of z?
2
Suppose 3*d + b = -107 - 53, 0 = 3*d + 2*b + 161. What is the tens digit of (1 + d)*(-9)/36?
1
Let w be (-24)/13 + (-12)/78. What is the tens digit of (w - (-11)/(-2))*-2?
1
Let y(x) = 6*x**2 + 2*x + 1. What is the units digit of y(2)?
9
Let b(j) = 6*j**2 + 2*j - 1. Let q be b(-2). Let p = -2 + q. What is the tens digit of p?
1
Let l be -1*(-3 + 0) - 1. What is the units digit of 1 - (-3 + l + -2)?
4
Suppose 0 = -r - 3*v - 5, 0 = -3*r + v - 0 - 15. Let j = r + 17. What is the tens digit of j?
1
Let y = -6 - -8. Suppose -y*k - 34 = -4*z, z + 5*k = 2*z + 14. What is the units digit of z?
1
Let r = 52 + -43. What is the units digit of r?
9
Let m = 60 - 34. Let f be (-4)/(-6) + (-168)/9. Let d = m + f. What is the units digit of d?
8
Let c be (46/6)/((-4)/(-24)). Let d = c - 17. What is the tens digit of d?
2
What is the units digit of (1 - (-214)/(-1))*(-3)/9?
1
Let f(b) = b**2 - 6*b - 11. What is the tens digit of f(10)?
2
Let l be 17/3 - (-6)/(-9). Suppose -54 - 2 = 3*u - l*f, 3*f - 12 = 0. What is the units digit of (-152)/u + 2/(-3)?
2
Let d = 108 - 0. What is the tens digit of d?
0
Let r(c) be the third derivative of -c**4/24 + c**3/3 - c**2. What is the units digit of r(-5)?
7
Suppose -3*w + 0 = -3. Let k(g) = 10*g**3 + 2*g**2 - 2*g + 1. What is the units digit of k(w)?
1
Let k(i) = i**3 + 4*i**2 - 7*i + 2. Let h be k(-5). Let o be 0 - 1 - (7 - 13). Suppose -h = -o*n + 8. What is the units digit of n?
4
Suppose 0 = 2*h - h + 116. Let l = -67 - h. Suppose 4*a + 5 = l. What is the tens digit of a?
1
Let h = -1 - 1. Suppose a - 3 + 4 = 0. What is the units digit of (a/h)/((-3)/(-24))?
4
Suppose -3*y + 12 = 0, -3*c - 2*c = 4*y + 34. Let d = c + 26. What is the tens digit of (-5 - -8)*d/3?
1
Suppose l - 2*l + 5*m = -35, -3*m - 6 = 0. What is the tens digit of l?
2
Let m(g) = -g**3 + 26*g**2 + 8*g + 1. What is the hundreds digit of m(26)?
2
What is the units digit of (-5)/((-20)/512) + 1?
9
Let d = 7 - 39. What is the tens digit of (-8)/d + (-158)/(-8)?
2
Let b(y) = y**2 - 4*y - 7. Let w be b(5). Let p be ((-10)/4 - w)*-2. Let n = 2 + p. What is the units digit of n?
3
Let d = 2 - -1. What is the units digit of d?
3
Let b = 20 + -7. Let f = 29 - b. Let m = -10 + f. What is the units digit of m?
6
Suppose 60 = 7*q - 3*q. What is the tens digit of q?
1
Let z = 13 + 87. Suppose 0 = 5*w - 0*w - z. What is the units digit of w?
0
Let h be 1 - (-1 - -4) - -15. Let w be -5*(-1)/(-1)*-1. Let c = w + h. What is the units digit of c?
8
Let g be 6/4*(1 + 1). Suppose 0 = -5*l - 3*p + 2 + 1, 5*l = g*p + 27. What is the units digit of l?
3
Let a(l) = 7*l + 12. Let x be a(-11). What is the units digit of 2/(-5) + (-2301)/x?
5
Let q(m) be the third derivative of -m**5/60 + m**4/3 - 5*m**3/6 + m**2. Let r = 10 + -5. What is the tens digit of q(r)?
1
Let j(m) = -m - 11. Let k be j(-8). What is the units digit of 1/(-3) - 43/k?
4
Let b be 0 - -1 - 8/(-2). Suppose b*x - 2*x - 36 = 0. What is the units digit of x?
2
Let z(f) = 2*f**2 - f + 2. Suppose 0*w + 2*w = -3*h - 12, 4*w + 18 = -3*h. What is the tens digit of z(w)?
2
Suppose 12 - 37 = -5*v. Suppose v*y + j = 2*y + 72, 0 = 4*j - 12. What is the units digit of y?
3
Let p = -5 - -8. Suppose 5*g - 2*a = -4, p*g + 6 = -a - 3. What is the units digit of 1 - (0 - g - 3)?
2
Suppose -4*j + 236 - 48 = 0. Suppose 5*f - j = 33. Suppose f + 8 = 3*t. What is the units digit of t?
8
Let x(m) = 0*m**2 - m + 4*m**2 - 3 - 3*m**2. Suppose 2*j - 8 = -0. What is the units digit of x(j)?
9
What is the units digit of (1/(-3))/(4/(-48))?
4
Let a(k) = 3*k**2 - 4*k - 13. What is the tens digit of a(-5)?
8
Let s(u) be the second derivative of -5*u**3/6 - 3*u**2/2 - u. What is the units digit of s(-2)?
7
Let s be 4/5*(0 + 5). Let o = s - 2. What is the units digit of o?
2
Let w(i) = 2*i - 8. Let x be w(6). Suppose 3*m + 21 = x*k, m - 2 = -2*k + 1. What is the units digit of k?
3
Let c(z) = -2*z**3 + z**2 - 2*z - 3. Let k be c(-2). Let w = k - 12. What is the units digit of w?
9
Let t(o) = o**3 - 8*o**2 + 2*o - 7. What is the units digit of t(8)?
9
Let b(i) = -7*i - 9. Let c be b(-10). Let s = -41 + c. What is the tens digit of s?
2
Suppose 4*d - 42 = 46. Suppose -3*h = -2*h - 5. Suppose 2*n + 4*c = -9 + 29, h*n = 4*c + d. What is the units digit of n?
6
Let w(o) = -o - 13. What is the units digit of w(-17)?
4
Let y be (-11)/(-2) - (-2)/(-4). Let h = y + -14. What is the units digit of ((-6)/9 + 0)*h?
6
Let n be 3/((-3)/(-1))*0. What is the units digit of (10 - 4)*(1 + n)?
6
Suppose 4*q + 32 = -0. Let k = 17 + q. What is the units digit of k?
9
Suppose -2 = g - 4. Let x be 8 + (g - 0/(-1)). Let s(o) = o - 6. What is the units digit of s(x)?
4
Let f(s) = s**3 + 8*s**2 + 2*s + 11. What is the tens digit of f(-7)?
4
Let p(z) = z - 1. Let a(o) = -15*o + 9. Let t(v) = a(v) + 12*p(v). What is the tens digit of t(-6)?
1
Let v(r) be the second derivative of r**4/12 - 2*r**2 - 2*r. Let z be v(0). Let y = z - -7. What is the units digit of y?
3
Suppose -4*y = 2*y - 450. What is the units digit of y?
5
Let o(m) = m**2 + 14*m + 26. What is the units digit of o(10)?
6
Suppose 4*i - 63 = i + 3*r, 5*i + 5*r = 95. Suppose 2*q - 5 - i = 